22, -r = -2*k + 34. Suppose a - 9 = 3*g + 11, -k = -a + 2*g. Suppose 0 = -j + 7 + a. What is the tens digit of j?
2
Let m be (-98)/28*16/(-7). Suppose m*k - 11 = 1533. Suppose -3*v = -3*x - 189, -3*v + x + k = -x. What is the units digit of v?
7
What is the tens digit of 16 + -15 + (1370 - 2)?
6
What is the tens digit of (6/(-9))/(19/(-8208))?
8
Let s be -3 + 5 - (-173 - 0). Let d = -106 + s. What is the units digit of d?
9
Suppose 6 = -78*w + 76*w. What is the tens digit of 4/((-13)/(-4) + w)?
1
What is the tens digit of (21 - 11 - 141)*(0 - 1)?
3
Suppose -l = 3*v + 3, 1 = 5*l + 2*v - 3*v. Suppose 4*s - 2*h + 1 - 17 = l, 8 = 2*s - 4*h. What is the units digit of s?
4
Suppose -3*f - v - 5 = 1, -v = -3*f - 6. What is the tens digit of (15/6 - f)/(4/32)?
3
Let o = -52 + 60. Suppose -5*j - 239 = -3*k, -o*k + 369 = -3*k - j. What is the tens digit of k?
7
Suppose 1518*n + 512 = 1520*n. What is the tens digit of n?
5
Let h(j) = 2*j**2 - 64*j + 113. What is the tens digit of h(36)?
0
Let w = -101 + 537. Suppose w = -18*o + 22*o. What is the tens digit of o?
0
Let s be (-64)/(-12) + (-24)/18. Suppose 2*c - 4*q - 4 = 24, -s*c - 2*q + 36 = 0. What is the units digit of c?
0
Suppose -f - w = 4*f - 5974, f - 3*w = 1182. What is the tens digit of f?
9
Let p(j) = -9*j - 29. What is the units digit of p(-26)?
5
Let g = -17 + -2. What is the units digit of 4 + -3 + -3 - g?
7
Suppose -3*u - 1032 = -4*a, 2*u + 575 = 4*a - 113. Let x = -110 - u. What is the units digit of x?
4
Let n = 13 + -10. Suppose -n = -3*w + 2*w. Suppose w*x + 14 = 5*f, -2*f - f - 2*x = 3. What is the units digit of f?
1
Let v(z) = -z**3 - 5*z**2 - 7*z. Let n be v(-5). Suppose n + 30 = 5*o. Suppose 0 = -14*j + o*j + 17. What is the units digit of j?
7
Suppose 537*p - 549*p = -30672. What is the tens digit of p?
5
Let b(t) = -9*t - 9. Let q be b(-7). Let n be 176/(-18) + (-12)/q. What is the units digit of 21/2*n/(-15)?
7
Let u = 553 + 115. What is the tens digit of u?
6
Let f = 1338 + -1028. What is the units digit of f?
0
Let d(t) = 7*t - 7. Let w = -13 - -16. What is the tens digit of d(w)?
1
Let p = -1120 + 2084. What is the units digit of p?
4
Suppose 18*l = 23653 - 4015. What is the hundreds digit of l?
0
Suppose -3 = -3*j, 15*j - 10*j = 2*q - 1445. What is the hundreds digit of q?
7
Suppose -2*w - 5*c - 22 = -w, 2*c + 52 = -4*w. Let y = 16 + w. Let p = y - -7. What is the units digit of p?
1
Suppose -4*x - 2*a = -12106, -39*x - 5*a = -41*x + 6071. What is the tens digit of x?
2
Let x = 6004 + -2042. What is the hundreds digit of x?
9
Suppose -2*g + 8*f - 7*f + 1351 = 0, 2687 = 4*g + 3*f. Suppose 2*n + 120 = g. What is the tens digit of n?
7
Let t be -3 - (-1 + 2 + -39). What is the units digit of 7760/t - 2/(-7)?
2
What is the hundreds digit of 167*-12*1/(-6)*4?
3
Let l(k) = 2*k**2 - 23*k + 45. What is the tens digit of l(13)?
8
Let u(b) = 8*b**2 - 5*b - 4. Suppose 0 = -4*q - 0*q. Suppose -18 = -2*a + 3*p, -a - 2*p - 4 - 1 = q. What is the tens digit of u(a)?
5
Let z = 8 - 4. Let o = 29 - z. What is the tens digit of o?
2
Let a = 13 + -11. What is the units digit of -5 - (-1 - a) - -81?
9
What is the hundreds digit of (-51)/(-2)*748/66?
2
Let y(l) = -13*l - l**2 + 10*l + 2 + 3*l**2. Let j(a) = a + 1. Let u be j(3). What is the units digit of y(u)?
2
Let x = -2 - -47. Suppose 0 = -4*v + 3*v + x. What is the units digit of v?
5
Let v(x) = -4*x + 6. Suppose 4*p + 20 = -p. Let c be p/6*18/4. What is the tens digit of v(c)?
1
Let u(g) be the third derivative of 0 + 0*g - 7/3*g**3 - 4*g**2 - 7/24*g**4. What is the tens digit of u(-6)?
2
Let w(i) = 7*i - 8. Let c be w(4). What is the units digit of 251 + 1/((-5)/c)?
7
Let t(m) = -2*m + 81. Suppose 0*n = 3*n. Let k be t(n). Let y = 126 - k. What is the tens digit of y?
4
Suppose -4*r = -2958 + 1134. What is the hundreds digit of r?
4
Let a(h) = -14*h + 5. Let m(g) = g**3 - 14*g**2 - 16*g + 9. Let o be m(15). What is the tens digit of a(o)?
8
Let j(h) = -2*h + 66. Let p = 35 - 57. What is the tens digit of j(p)?
1
Let q be (24/(-2)*-7)/1. Let k be ((96/2)/2)/((-75)/75). Let v = k + q. What is the tens digit of v?
6
Let z = -276 + 983. What is the units digit of z?
7
Let l be 3*1/2*2. Let w(u) = -u**2 - 33*u - 51. Let m be w(-23). Suppose -l*c + 5*d = -m, 0*c + 155 = 3*c + d. What is the units digit of c?
3
Suppose -114 = f - 128. Suppose -f*u - 295 = -2745. What is the hundreds digit of u?
1
Let r(z) = z**2 - 6*z + 5. Let k be r(4). Let u(l) = -4*l**2 + 2*l - 3. Let o be u(k). Let d = o - -84. What is the units digit of d?
9
Let n(i) = 3*i - 14. Let s be n(6). Suppose 0 = -s*v - 2*f + 510, -4*v + 5*f + 9 = -466. What is the hundreds digit of v?
1
Suppose 51*y - 126*y + 358950 = 0. What is the units digit of y?
6
Let m(b) = 33*b**2 - b + 1. Let j be m(1). What is the units digit of (j/2)/(6/20)?
5
Let f be 1/(-4) + 1/4. Let w be (0 - -1)*(-24 - (-6 + 2)). What is the tens digit of (w - 0)*(f - 1)?
2
Let o(w) = 10*w + 1. Let y be o(-19). Let p = y + 310. What is the hundreds digit of p?
1
Let i(t) = -3*t**3 + 16*t**2 - 7*t + 9. Let m(x) = x**3 - 8*x**2 + 4*x - 5. Let z(u) = -2*i(u) - 5*m(u). What is the tens digit of z(-7)?
9
Suppose -2*p - 3 = -11. Suppose -n + 3*n = -p*f + 22, 3*n - 19 = -4*f. What is the units digit of f?
7
Suppose 231 + 2353 = 17*j. What is the units digit of (-9 + 1)/(j/40 + -4)?
0
Let o be 2/(-13) + (-224)/(-104). Suppose o*y + 82 = 4*u - 34, 12 = 3*y. Suppose 0 = 3*d - u - 20. What is the units digit of d?
7
Let y be (-4)/6 + (48/(-9))/(-2). Suppose -98 = -y*b - 3*a + 93, b + a = 95. What is the tens digit of b?
9
Let t = -49 - -50. What is the units digit of t?
1
Suppose 124*w = 119*w. Suppose -t = -4*t + 3*b + 171, -3*t - 4*b + 150 = w. What is the units digit of t?
4
Suppose -2*r + 32 + 40 = 0. Suppose 0*h + r = 3*h. Suppose 60 = 2*b + h. What is the units digit of b?
4
What is the units digit of 0 - ((-6138)/108 + 1/(-6))?
7
Let n = 56 + -23. Let h be (-2 - -4)/2 - n. What is the units digit of h/(-5) + (-16)/40?
6
Let s(l) = 118*l - 583. What is the units digit of s(13)?
1
Let p(q) = -5*q**3 + 2*q**2 + q - 2. Let t = 10 - 12. What is the tens digit of p(t)?
4
Suppose -12*m - 3*y = -9*m - 1374, -5*y = 0. What is the units digit of m?
8
Suppose -21*g + 2872 = -20*g. What is the hundreds digit of g?
8
Let o(u) = -14*u**3 - 4*u + 6. Let k be o(2). Suppose -5*z = -2*p + 813, -5*p = z - p + 145. Let x = k - z. What is the tens digit of x?
4
Let d(f) = 6 + 0 + 1 + 2*f + 1. Let z be d(-5). What is the units digit of 1/(z - -1) + 7?
6
Suppose -2563 = -5*n + 722. What is the hundreds digit of n?
6
Let u(z) = -3*z**2 - 172*z - 4. What is the tens digit of u(-41)?
0
Suppose -6*s = -1400 - 11776. What is the thousands digit of s?
2
Let i(j) = -j**3 + 3*j**2 + 5*j - 1. Let v be i(4). Suppose -34 = -v*f + 38. Suppose -4*n + 22 = -t - f, 5*n + 5*t = 70. What is the units digit of n?
2
What is the units digit of -2 + (-32)/(-56) + (-16530)/(-7)?
0
Suppose 3*d - 28 = -d. Let g(m) = m**2 + 2*m - 1. What is the tens digit of g(d)?
6
Suppose -1 = -x - 7. Let n(b) = b**3 + 6*b**2 + b + 5. Let l be n(x). What is the tens digit of (-57)/(0 - 3) + l?
1
Suppose -5*k + 84 = 2*r, k + 0*r = 2*r + 12. Suppose 19*c - k*c = 339. What is the units digit of c?
3
Suppose -9*r + 1240 = -758. What is the tens digit of r?
2
Let n be -2 + (-7)/(21/(-12)). Let z(k) = -12*k**3 - k - 2. Let b be z(n). Let x = -38 - b. What is the tens digit of x?
6
Let i be -12*(-9)/30*20. Let f(r) = -r**2 - r + 5. Let c be f(-6). Let m = i + c. What is the tens digit of m?
4
Suppose 0 = -5*z + 5*s + 2930, -s - 2936 = -5*z + s. Suppose -z = -9*n + 2*n. What is the units digit of n?
4
Let k(o) = o**3 - 7*o**2 + 6*o. Let x be k(9). Let b = -43 + x. What is the hundreds digit of b?
1
Let h be 2/2 - (-466 + -1). Let j = h + -293. Suppose 4*i = m - 41, 2*m + 5*i = 7*m - j. What is the tens digit of m?
3
Suppose -15 + 31 = 4*b. Let d(u) = u**2 + 2*u + 1. Let r be d(b). Suppose -27*y = -r*y - 42. What is the tens digit of y?
2
Suppose -5*z + 51 = 6*w - 4*w, -w - 5*z = -18. Let f = w + 26. What is the tens digit of f?
5
Suppose -13*a = 18*a - 5549. What is the hundreds digit of a?
1
What is the units digit of 454/((-1)/(((-3)/(-2))/(-3)))?
7
Suppose 2*b - t - 3165 = 0, 5*b - 